33.
451
What is the greatest common divisor of 5074 and 3127?
59
Calculate the highest common factor of 2730 and 226720.
130
Calculate the greatest common divisor of 17630 and 13940.
410
What is the highest common factor of 1300824 and 1827?
1827
What is the highest common factor of 1096380 and 720?
180
What is the greatest common divisor of 2208 and 17094336?
2208
Calculate the highest common divisor of 270 and 2346.
6
What is the greatest common divisor of 160 and 1256928?
32
What is the greatest common divisor of 177 and 24721?
59
What is the greatest common factor of 1341 and 18351?
9
Calculate the highest common factor of 303933 and 3075.
123
What is the greatest common factor of 5072 and 432?
16
What is the greatest common divisor of 8230 and 810?
10
What is the greatest common factor of 636 and 4764?
12
What is the greatest common factor of 29 and 2008511?
29
Calculate the highest common divisor of 68554 and 908.
454
What is the highest common factor of 5475 and 1875?
75
Calculate the greatest common factor of 105790 and 70.
10
What is the highest common factor of 949 and 5183?
73
Calculate the greatest common divisor of 18 and 7784.
2
Calculate the highest common factor of 1150 and 1510.
10
What is the greatest common factor of 54900 and 12030?
30
Calculate the greatest common factor of 816 and 1056.
48
What is the highest common divisor of 48301 and 55?
11
What is the greatest common factor of 5454 and 1188?
54
What is the greatest common divisor of 441 and 12537?
63
Calculate the greatest common divisor of 187 and 464593.
17
Calculate the highest common divisor of 340 and 4352.
68
What is the highest common factor of 2125284 and 189?
21
What is the highest common factor of 117718 and 284?
142
Calculate the highest common factor of 7530 and 1380.
30
What is the highest common divisor of 712192 and 96?
32
Calculate the greatest common factor of 7157 and 103987.
421
What is the greatest common factor of 120 and 1438590?
30
What is the greatest common factor of 160015 and 15?
5
What is the highest common factor of 14680 and 13760?
40
What is the highest common factor of 8700 and 43935?
435
Calculate the highest common divisor of 198331 and 841.
29
Calculate the highest common factor of 218 and 160339.
109
Calculate the greatest common divisor of 41368 and 1.
1
What is the highest common factor of 408518 and 341?
341
Calculate the greatest common factor of 3243 and 48927.
141
What is the highest common factor of 268390 and 160?
10
What is the greatest common divisor of 1044 and 403506?
522
Calculate the greatest common divisor of 234 and 619848.
18
Calculate the highest common divisor of 8 and 1347704.
8
Calculate the greatest common divisor of 4193 and 49.
7
Calculate the highest common factor of 75 and 3891.
3
Calculate the greatest common divisor of 268 and 739546.
134
What is the greatest common divisor of 1638 and 23310?
126
What is the highest common divisor of 34814 and 4901?
169
Calculate the highest common factor of 91094 and 74.
74
Calculate the highest common factor of 45 and 482985.
45
What is the highest common factor of 891 and 680?
1
What is the greatest common divisor of 11 and 258456?
11
What is the highest common factor of 510 and 51102?
102
Calculate the greatest common factor of 8588124 and 108.
36
What is the greatest common factor of 84 and 109928?
28
What is the highest common divisor of 4959 and 17613?
171
What is the greatest common divisor of 1399375 and 25?
25
Calculate the greatest common divisor of 110145 and 84.
21
Calculate the greatest common divisor of 372 and 20811.
3
Calculate the highest common divisor of 102 and 110738.
34
Calculate the highest common factor of 20 and 112844.
4
What is the highest common divisor of 40 and 581912?
8
Calculate the highest common factor of 396 and 1121868.
396
What is the greatest common factor of 158607 and 9?
9
What is the greatest common divisor of 184 and 24955?
23
What is the highest common factor of 339276 and 31752?
588
What is the greatest common factor of 27830 and 2024?
506
What is the greatest common factor of 160083 and 63?
63
Calculate the greatest common factor of 104416 and 7028.
1004
What is the greatest common factor of 4590 and 60894?
306
What is the highest common factor of 770 and 66?
22
Calculate the highest common divisor of 656421 and 10370.
1037
Calculate the greatest common divisor of 4268783 and 137.
137
Calculate the greatest common divisor of 8 and 2252.
4
What is the greatest common divisor of 91077 and 168?
21
Calculate the highest common divisor of 136758 and 1380.
138
What is the greatest common divisor of 33 and 158367?
33
Calculate the highest common divisor of 42476 and 76294.
74
What is the highest common factor of 7025 and 2825?
25
What is the greatest common factor of 970 and 349976?
194
What is the greatest common divisor of 940213 and 1556?
389
Calculate the highest common divisor of 2534788 and 2980.
596
Calculate the greatest common divisor of 38409 and 105.
21
Calculate the greatest common divisor of 16652 and 828.
92
What is the greatest common factor of 703 and 9975?
19
What is the greatest common factor of 153 and 232713?
153
What is the greatest common divisor of 2988 and 664?
332
Calculate the greatest common factor of 1467 and 22284.
9
What is the greatest common divisor of 2086071 and 1869?
267
Calculate the highest common divisor of 153 and 4352.
17
What is the greatest common divisor of 2206490 and 11440?
1430
Calculate the greatest common divisor of 175087 and 2904.
121
What is the greatest common divisor of 2812 and 2546?
38
Calculate the greatest common factor of 918 and 2218.
2
What is the greatest common factor of 1088 and 1494272?
64
Calculate the greatest common divisor of 31365 and 30.
15
Calculate the greatest common factor of 2673 and 506.
11
What is the highest common factor of 212 and 36782?
106
What is the highest common factor of 3328 and 533?
13
Calculate the highest common factor of 3408 and 4899.
213
What is the greatest common divisor of 11769426 and 939?
939
Calculate the highest common factor of 4 and 4084.
4
Calculate the highest common factor of 196 and 4018.
98
What is the highest common divisor of 2948 and 25916?
44
Calculate the highest common divisor of 1001 and 35.
7
What is the greatest common factor of 408022 and 124?
62
What is the greatest common factor of 13692 and 56?
28
Calculate the greatest common divisor of 306 and 86598.
306
Calculate the highest common factor of 465 and 1199235.
465
Calculate the greatest common divisor of 63558 and 14766.
642
Calculate the highest common factor of 621 and 3069.
9
Calculate the greatest common divisor of 24026 and 26.
2
Calculate the highest common divisor of 118514 and 22.
22
Calculate the highest common divisor of 237965 and 35.
35
Calculate the highest common divisor of 496 and 15056.
16
Calculate the highest common factor of 612 and 14004.
36
Calculate the highest common factor of 240 and 2486820.
60
What is the highest common divisor of 950 and 13?
1
What is the highest common factor of 200 and 155360?
40
What is the greatest common divisor of 14615 and 393815?
395
Calculate the highest common factor of 611 and 4559.
47
Calculate the greatest common divisor of 279293 and 595.
119
Calculate the highest common divisor of 29 and 91756.
29
What is the greatest common divisor of 953101 and 178?
89
What is the greatest common factor of 3185933 and 178?
89
Calculate the highest common factor of 841 and 458084.
29
What is the greatest common factor of 3517881 and 8292?
2073
What is the greatest common divisor of 200 and 16475?
25
What is the highest common divisor of 162 and 5000?
2
What is the greatest common divisor of 4192 and 669934?
262
Calculate the highest common divisor of 4 and 186748.
4
Calculate the greatest common factor of 22 and 2648602.
22
Calculate the highest common divisor of 2048 and 656.
16
Calculate the highest common factor of 96 and 634788.
12
Calculate the greatest common divisor of 7408 and 64.
16
What is the highest common divisor of 132676 and 6642?
82
Calculate the highest common factor of 150 and 617725.
25
Calculate the greatest common divisor of 2436 and 30711.
87
Calculate the highest common factor of 2673 and 9141.